[INFO] cloning repository https://github.com/nmaswood/Rust-Machine-Learning
[INFO] running `Command { std: "git" "-c" "credential.helper=" "-c" "credential.helper=/workspace/cargo-home/bin/git-credential-null" "clone" "--bare" "https://github.com/nmaswood/Rust-Machine-Learning" "/workspace/cache/git-repos/https%3A%2F%2Fgithub.com%2Fnmaswood%2FRust-Machine-Learning", kill_on_drop: false }`
[INFO] [stderr] Cloning into bare repository '/workspace/cache/git-repos/https%3A%2F%2Fgithub.com%2Fnmaswood%2FRust-Machine-Learning'...
[INFO] running `Command { std: "git" "rev-parse" "HEAD", kill_on_drop: false }`
[INFO] [stdout] a870921d8282eeee6854da71c96563f491b47b56
[INFO] checking nmaswood/Rust-Machine-Learning against try#72f88fc4e9458f89516a0b8b0868f3718aec5b47 for pr-74989
[INFO] running `Command { std: "git" "clone" "/workspace/cache/git-repos/https%3A%2F%2Fgithub.com%2Fnmaswood%2FRust-Machine-Learning" "/workspace/builds/worker-5/source", kill_on_drop: false }`
[INFO] [stderr] Cloning into '/workspace/builds/worker-5/source'...
[INFO] [stderr] done.
[INFO] validating manifest of git repo https://github.com/nmaswood/Rust-Machine-Learning on toolchain 72f88fc4e9458f89516a0b8b0868f3718aec5b47
[INFO] running `Command { std: "/workspace/cargo-home/bin/cargo" "+72f88fc4e9458f89516a0b8b0868f3718aec5b47" "read-manifest" "--manifest-path" "Cargo.toml", kill_on_drop: false }`
[INFO] started tweaking git repo https://github.com/nmaswood/Rust-Machine-Learning
[INFO] finished tweaking git repo https://github.com/nmaswood/Rust-Machine-Learning
[INFO] tweaked toml for git repo https://github.com/nmaswood/Rust-Machine-Learning written to /workspace/builds/worker-5/source/Cargo.toml
[INFO] crate git repo https://github.com/nmaswood/Rust-Machine-Learning already has a lockfile, it will not be regenerated
[INFO] running `Command { std: "/workspace/cargo-home/bin/cargo" "+72f88fc4e9458f89516a0b8b0868f3718aec5b47" "fetch" "--locked" "--manifest-path" "Cargo.toml", kill_on_drop: false }`
[INFO] [stderr] error: the lock file /workspace/builds/worker-5/source/Cargo.lock needs to be updated but --locked was passed to prevent this
[INFO] [stderr] If you want to try to generate the lock file without accessing the network, use the --offline flag.
[INFO] the lockfile is outdated, regenerating it
[INFO] running `Command { std: "/workspace/cargo-home/bin/cargo" "+72f88fc4e9458f89516a0b8b0868f3718aec5b47" "generate-lockfile" "--manifest-path" "Cargo.toml" "-Zno-index-update", kill_on_drop: false }`
[INFO] running `Command { std: "/workspace/cargo-home/bin/cargo" "+72f88fc4e9458f89516a0b8b0868f3718aec5b47" "fetch" "--locked" "--manifest-path" "Cargo.toml", kill_on_drop: false }`
[INFO] running `Command { std: "docker" "create" "-v" "/var/lib/crater-agent-workspace/builds/worker-5/target:/opt/rustwide/target:rw,Z" "-v" "/var/lib/crater-agent-workspace/builds/worker-5/source:/opt/rustwide/workdir:ro,Z" "-v" "/var/lib/crater-agent-workspace/cargo-home:/opt/rustwide/cargo-home:ro,Z" "-v" "/var/lib/crater-agent-workspace/rustup-home:/opt/rustwide/rustup-home:ro,Z" "-e" "SOURCE_DIR=/opt/rustwide/workdir" "-e" "CARGO_TARGET_DIR=/opt/rustwide/target" "-e" "CARGO_HOME=/opt/rustwide/cargo-home" "-e" "RUSTUP_HOME=/opt/rustwide/rustup-home" "-w" "/opt/rustwide/workdir" "-m" "1610612736" "--user" "0:0" "--network" "none" "rustops/crates-build-env@sha256:d92eaeed33fa75130ca1ee6c8a01d1ffb62bac859dfdfb3450e3e5d1c0146529" "/opt/rustwide/cargo-home/bin/cargo" "+72f88fc4e9458f89516a0b8b0868f3718aec5b47" "metadata" "--no-deps" "--format-version=1", kill_on_drop: false }`
[INFO] [stdout] 44780fa81d3ab9ac7ca1d191ec5803cba8fae9494eacd23422d3e1744abe544d
[INFO] [stderr] WARNING: Your kernel does not support swap limit capabilities or the cgroup is not mounted. Memory limited without swap.
[INFO] running `Command { std: "docker" "start" "-a" "44780fa81d3ab9ac7ca1d191ec5803cba8fae9494eacd23422d3e1744abe544d", kill_on_drop: false }`
[INFO] running `Command { std: "docker" "inspect" "44780fa81d3ab9ac7ca1d191ec5803cba8fae9494eacd23422d3e1744abe544d", kill_on_drop: false }`
[INFO] running `Command { std: "docker" "rm" "-f" "44780fa81d3ab9ac7ca1d191ec5803cba8fae9494eacd23422d3e1744abe544d", kill_on_drop: false }`
[INFO] [stdout] 44780fa81d3ab9ac7ca1d191ec5803cba8fae9494eacd23422d3e1744abe544d
[INFO] running `Command { std: "docker" "create" "-v" "/var/lib/crater-agent-workspace/builds/worker-5/target:/opt/rustwide/target:rw,Z" "-v" "/var/lib/crater-agent-workspace/builds/worker-5/source:/opt/rustwide/workdir:ro,Z" "-v" "/var/lib/crater-agent-workspace/cargo-home:/opt/rustwide/cargo-home:ro,Z" "-v" "/var/lib/crater-agent-workspace/rustup-home:/opt/rustwide/rustup-home:ro,Z" "-e" "SOURCE_DIR=/opt/rustwide/workdir" "-e" "CARGO_TARGET_DIR=/opt/rustwide/target" "-e" "CARGO_INCREMENTAL=0" "-e" "RUST_BACKTRACE=full" "-e" "RUSTFLAGS=--cap-lints=forbid" "-e" "CARGO_HOME=/opt/rustwide/cargo-home" "-e" "RUSTUP_HOME=/opt/rustwide/rustup-home" "-w" "/opt/rustwide/workdir" "-m" "1610612736" "--user" "0:0" "--network" "none" "rustops/crates-build-env@sha256:d92eaeed33fa75130ca1ee6c8a01d1ffb62bac859dfdfb3450e3e5d1c0146529" "/opt/rustwide/cargo-home/bin/cargo" "+72f88fc4e9458f89516a0b8b0868f3718aec5b47" "check" "--frozen" "--all" "--all-targets" "--message-format=json", kill_on_drop: false }`
[INFO] [stderr] WARNING: Your kernel does not support swap limit capabilities or the cgroup is not mounted. Memory limited without swap.
[INFO] [stdout] 664e01d54b6aa2521cca3050f41fe56349df351859df7e226d35d4cf878bffc5
[INFO] running `Command { std: "docker" "start" "-a" "664e01d54b6aa2521cca3050f41fe56349df351859df7e226d35d4cf878bffc5", kill_on_drop: false }`
[INFO] [stderr]     Checking either v1.6.0
[INFO] [stderr]     Checking itertools v0.9.0
[INFO] [stderr]     Checking datasci v0.1.0 (/opt/rustwide/workdir)
[INFO] [stdout] error[E0599]: no function or associated item named `new` found for struct `itertools::Zip<_>` in the current scope
[INFO] [stdout]   --> src/main.rs:26:23
[INFO] [stdout]    |
[INFO] [stdout] 26 |     for (x,y) in Zip::new((v1.into_iter(), v2.into_iter())) {
[INFO] [stdout]    |                       ^^^ function or associated item not found in `itertools::Zip<_>`
[INFO] [stdout] 
[INFO] [stdout] 
[INFO] [stdout] error[E0599]: no function or associated item named `new` found for struct `itertools::Zip<_>` in the current scope
[INFO] [stdout]   --> src/main.rs:26:23
[INFO] [stdout]    |
[INFO] [stdout] 26 |     for (x,y) in Zip::new((v1.into_iter(), v2.into_iter())) {
[INFO] [stdout]    |                       ^^^ function or associated item not found in `itertools::Zip<_>`
[INFO] [stdout] 
[INFO] [stdout] 
[INFO] [stdout] error[E0599]: no function or associated item named `new` found for struct `itertools::Zip<_>` in the current scope
[INFO] [stdout]   --> src/main.rs:46:23
[INFO] [stdout]    |
[INFO] [stdout] 46 |     for (x,y) in Zip::new((v1.into_iter(), v2.into_iter())) {
[INFO] [stdout]    |                       ^^^ function or associated item not found in `itertools::Zip<_>`
[INFO] [stdout] 
[INFO] [stdout] 
[INFO] [stdout] error[E0599]: no function or associated item named `new` found for struct `itertools::Zip<_>` in the current scope
[INFO] [stdout]   --> src/main.rs:46:23
[INFO] [stdout]    |
[INFO] [stdout] 46 |     for (x,y) in Zip::new((v1.into_iter(), v2.into_iter())) {
[INFO] [stdout]    |                       ^^^ function or associated item not found in `itertools::Zip<_>`
[INFO] [stdout] 
[INFO] [stdout] 
[INFO] [stdout] error[E0277]: cannot divide `{integer}` by `f64`
[INFO] [stdout]   --> src/main.rs:94:18
[INFO] [stdout]    |
[INFO] [stdout] 94 |     vector_mul(1 / v.len() as f64, v)
[INFO] [stdout]    |                  ^ no implementation for `{integer} / f64`
[INFO] [stdout]    |
[INFO] [stdout]    = help: the trait `Div<f64>` is not implemented for `{integer}`
[INFO] [stdout] 
[INFO] [stdout] 
[INFO] [stdout] error[E0277]: cannot divide `{integer}` by `f64`
[INFO] [stdout]   --> src/main.rs:94:18
[INFO] [stdout]    |
[INFO] [stdout] 94 |     vector_mul(1 / v.len() as f64, v)
[INFO] [stdout]    |                  ^ no implementation for `{integer} / f64`
[INFO] [stdout]    |
[INFO] [stdout]    = help: the trait `Div<f64>` is not implemented for `{integer}`
[INFO] [stdout] 
[INFO] [stdout] 
[INFO] [stdout] error[E0599]: no function or associated item named `new` found for struct `itertools::Zip<_>` in the current scope
[INFO] [stdout]    --> src/main.rs:100:25
[INFO] [stdout]     |
[INFO] [stdout] 100 |     for (i , j) in Zip::new((v1.iter(), v2.iter())) {
[INFO] [stdout]     |                         ^^^ function or associated item not found in `itertools::Zip<_>`
[INFO] [stdout] 
[INFO] [stdout] 
[INFO] [stdout] error[E0599]: no function or associated item named `new` found for struct `itertools::Zip<_>` in the current scope
[INFO] [stdout]    --> src/main.rs:100:25
[INFO] [stdout]     |
[INFO] [stdout] 100 |     for (i , j) in Zip::new((v1.iter(), v2.iter())) {
[INFO] [stdout]     |                         ^^^ function or associated item not found in `itertools::Zip<_>`
[INFO] [stdout] 
[INFO] [stdout] 
[INFO] [stdout] error: aborting due to 4 previous errors
[INFO] [stdout] 
[INFO] [stdout] 
[INFO] [stdout] Some errors have detailed explanations: E0277, E0599.
[INFO] [stdout] 
[INFO] [stdout] For more information about an error, try `rustc --explain E0277`.
[INFO] [stdout] 
[INFO] [stdout] error: aborting due to 4 previous errors
[INFO] [stdout] 
[INFO] [stdout] 
[INFO] [stdout] Some errors have detailed explanations: E0277, E0599.
[INFO] [stdout] 
[INFO] [stdout] For more information about an error, try `rustc --explain E0277`.
[INFO] [stdout] 
[INFO] [stderr] error: could not compile `datasci`.
[INFO] [stderr] 
[INFO] [stderr] To learn more, run the command again with --verbose.
[INFO] [stderr] warning: build failed, waiting for other jobs to finish...
[INFO] [stderr] error: build failed
[INFO] running `Command { std: "docker" "inspect" "664e01d54b6aa2521cca3050f41fe56349df351859df7e226d35d4cf878bffc5", kill_on_drop: false }`
[INFO] running `Command { std: "docker" "rm" "-f" "664e01d54b6aa2521cca3050f41fe56349df351859df7e226d35d4cf878bffc5", kill_on_drop: false }`
[INFO] [stdout] 664e01d54b6aa2521cca3050f41fe56349df351859df7e226d35d4cf878bffc5
